late the greatest common divisor of 944 and 292112.
16
What is the highest common factor of 1708876 and 16172?
52
Calculate the highest common factor of 14010937 and 277.
277
What is the highest common divisor of 942 and 17776482?
942
Calculate the greatest common divisor of 74 and 54945962.
74
What is the highest common factor of 2126508 and 36?
12
Calculate the greatest common divisor of 29179040 and 11040.
160
Calculate the highest common divisor of 109584 and 180528.
48
Calculate the highest common divisor of 76357919 and 2222.
1111
What is the greatest common factor of 296136 and 5670?
162
Calculate the highest common factor of 146968948 and 28.
28
Calculate the highest common factor of 8489988 and 630.
18
Calculate the greatest common divisor of 46035720 and 7200.
360
Calculate the highest common factor of 100100 and 500885.
385
What is the greatest common divisor of 5666940 and 760?
380
Calculate the highest common factor of 4269020 and 140.
140
What is the highest common divisor of 75 and 2784315?
15
What is the highest common factor of 16298 and 807998?
58
Calculate the greatest common factor of 299346 and 1202.
2
What is the highest common factor of 32844 and 55338?
138
Calculate the greatest common divisor of 115 and 50525365.
115
What is the greatest common divisor of 8847 and 2026946?
983
What is the greatest common divisor of 64139583 and 447?
447
Calculate the greatest common divisor of 126 and 23812803.
63
Calculate the greatest common divisor of 70322 and 227395.
7
What is the highest common divisor of 48 and 106236852?
12
Calculate the highest common factor of 660 and 393571140.
60
What is the highest common divisor of 456930369 and 2499?
357
Calculate the greatest common factor of 268 and 22155359.
67
What is the greatest common factor of 1253108 and 6?
2
Calculate the highest common divisor of 4699888 and 1059236.
2516
Calculate the highest common divisor of 462 and 15007440.
42
What is the greatest common divisor of 122688 and 578232?
216
What is the greatest common factor of 7805500 and 600320?
1340
What is the highest common divisor of 106214 and 4117?
23
Calculate the greatest common divisor of 12 and 6192231.
3
Calculate the highest common divisor of 7471 and 48097334.
241
Calculate the greatest common divisor of 78455 and 7810.
355
Calculate the greatest common divisor of 228 and 26813328.
12
What is the greatest common divisor of 3794 and 13741?
7
Calculate the greatest common factor of 111564499 and 1111.
101
What is the greatest common divisor of 102388 and 87296?
44
What is the greatest common factor of 1524 and 506?
2
What is the greatest common factor of 49608 and 19539?
117
What is the highest common divisor of 356360 and 1662620?
1180
What is the greatest common divisor of 3820600 and 1260?
140
Calculate the greatest common divisor of 76019502 and 894.
894
Calculate the highest common divisor of 5906 and 5438.
2
What is the highest common divisor of 29 and 7569?
29
Calculate the greatest common factor of 30443004 and 16656.
4164
What is the highest common factor of 3896755 and 20?
5
Calculate the highest common factor of 102 and 579284962.
34
What is the highest common factor of 187 and 2977227?
187
Calculate the highest common factor of 17493 and 201243.
147
What is the greatest common factor of 740320 and 160800?
160
What is the greatest common divisor of 140 and 9099258?
14
What is the highest common factor of 17458904 and 2168?
2168
What is the highest common factor of 264656 and 30226?
238
Calculate the highest common factor of 4200 and 59287200.
4200
What is the highest common divisor of 12383 and 18864616?
1769
What is the highest common factor of 5279319420 and 732?
732
What is the highest common divisor of 790 and 5719390?
10
Calculate the greatest common factor of 182 and 9796618.
26
Calculate the greatest common factor of 306 and 575121135.
51
Calculate the greatest common divisor of 46256 and 170681336.
3304
What is the highest common factor of 451408 and 3661984?
5072
What is the highest common factor of 192591 and 286713?
189
What is the highest common factor of 569254 and 18031?
73
What is the greatest common divisor of 3987984 and 49896?
1848
Calculate the greatest common factor of 225 and 124285275.
225
What is the highest common divisor of 1190 and 3071866?
238
Calculate the highest common divisor of 518733 and 5256.
9
What is the highest common factor of 77 and 54824259?
7
Calculate the highest common divisor of 5175106 and 16796.
646
What is the greatest common divisor of 1469 and 135967?
13
What is the greatest common divisor of 1145259504 and 1824?
912
Calculate the greatest common divisor of 48152 and 316821640.
3704
Calculate the highest common factor of 4969868 and 228.
76
Calculate the greatest common factor of 22842850 and 130350.
3950
What is the greatest common divisor of 3507 and 78657?
501
What is the greatest common factor of 2865 and 191730?
15
Calculate the greatest common divisor of 157320 and 39839220.
4140
What is the highest common factor of 21406068 and 27?
9
Calculate the highest common divisor of 6119 and 196475.
29
What is the highest common factor of 13052 and 7797817?
251
What is the greatest common divisor of 3168 and 147773340?
396
What is the highest common factor of 815 and 5354757010?
815
What is the greatest common factor of 701912 and 448?
8
Calculate the greatest common factor of 58116 and 11356.
668
Calculate the greatest common factor of 226101 and 12.
3
Calculate the highest common divisor of 807368166 and 594.
198
Calculate the highest common divisor of 124456 and 51841.
47
Calculate the greatest common factor of 10 and 1300080810.
10
Calculate the highest common factor of 2604332 and 17.
17
Calculate the greatest common factor of 10466442 and 2142.
126
What is the greatest common factor of 9 and 7244877?
3
Calculate the greatest common divisor of 4425 and 12800050.
1475
What is the greatest common divisor of 15 and 25204755?
15
Calculate the greatest common factor of 28898958 and 143.
11
What is the greatest common factor of 12972 and 68916?
12
Calculate the highest common divisor of 152 and 2115821.
19
Calculate the greatest common factor of 13578782 and 5292.
98
What is the highest common divisor of 408 and 4085728?
8
Calculate the highest common factor of 169860 and 1799175.
2235
Calculate the greatest common factor of 30846 and 674584.
106
What is the highest common divisor of 842640 and 432?
48
Calculate the highest common factor of 463855009 and 10328.
1291
Calculate the greatest common divisor of 217 and 933373637.
217
Calculate the highest common divisor of 1989 and 1317636.
153
Calculate the greatest common factor of 100 and 246272350.
50
What is the greatest common factor of 31524 and 1001668?
284
Calculate the highest common factor of 165519 and 3625803.
3123
What is the greatest common factor of 88673 and 66532752?
4667
Calculate the highest common divisor of 7380 and 446004.
36
Calculate the greatest common divisor of 30016 and 1258327.
469
Calculate the highest common factor of 8706124 and 31605.
2107
Calculate the greatest common divisor of 6472 and 243220996.
3236
Calculate the highest common factor of 148421 and 1323.
49
What is the highest common divisor of 43382320 and 3040?
1520
What is the greatest common factor of 129 and 143118?
3
Calculate the greatest common divisor of 93912980 and 5.
5
Calculate the highest common factor of 120478 and 17818.
118
Calculate the highest common divisor of 1180703928 and 12.
12
What is the highest common factor of 35283116 and 2152?
1076
What is the greatest common factor of 131810094 and 1503?
1503
Calculate the greatest common factor of 350256102 and 10024.
2506
Calculate the highest common factor of 3028352 and 60150.
802
Calculate the highest common divisor of 819 and 12833751.
21
What is the greatest common divisor of 1063738 and 7498?
326
Calculate the greatest common divisor of 15721456 and 11120.
2224
Calculate the highest common divisor of 26960 and 73397252.
1348
Calculate the highest common divisor of 3567872 and 8869.
1267
What is the greatest common factor of 6616 and 3878016?
8
What is the greatest common factor of 1250 and 269950?
50
What is the greatest common divisor of 11835386